93 composite?
True
Is 73658219 prime?
True
Is 28942657 composite?
True
Is 3309359 prime?
True
Is 1556461 a composite number?
True
Is 137133911 a prime number?
True
Is 304697 a prime number?
False
Is 3758369 prime?
True
Is 5149177 a composite number?
True
Is 18657591 prime?
False
Is 97703117 a composite number?
True
Is 1368107501 composite?
False
Is 316913693 composite?
False
Is 26927081 a prime number?
True
Is 4999591 composite?
False
Is 137399117 a composite number?
True
Is 1072777 a composite number?
True
Is 5560829 a prime number?
False
Is 964895441 prime?
True
Is 46638311 composite?
False
Is 55456909 a prime number?
False
Is 41332141 a prime number?
False
Is 55690343 a prime number?
False
Is 38730295 a composite number?
True
Is 141515917 a prime number?
True
Is 2862109 prime?
True
Is 364003 prime?
False
Is 2118619 a composite number?
True
Is 51104059 prime?
False
Is 7878113 prime?
False
Is 79636717 composite?
False
Is 15134053 prime?
False
Is 37999123 a prime number?
True
Is 286792963 composite?
False
Is 11049563 composite?
True
Is 12318209 a composite number?
False
Is 48807607 a prime number?
True
Is 14505069 prime?
False
Is 108111251 composite?
False
Is 127781 prime?
True
Is 6593867 composite?
True
Is 916323077 a composite number?
True
Is 38613437 prime?
True
Is 24378587 a prime number?
True
Is 83663117 a prime number?
True
Is 57515023 prime?
True
Is 2596479 prime?
False
Is 11077459 prime?
False
Is 12570131 prime?
False
Is 45752987 a composite number?
True
Is 4574705 prime?
False
Is 36397093 a composite number?
False
Is 4514105 a composite number?
True
Is 11453797 composite?
False
Is 474878163 a composite number?
True
Is 279992813 prime?
False
Is 454779382 a prime number?
False
Is 17396171 prime?
False
Is 14304197 a composite number?
False
Is 35981681 a prime number?
False
Is 11419465 prime?
False
Is 9211231 a composite number?
False
Is 6456971 composite?
False
Is 241664491 a prime number?
True
Is 27555653 composite?
False
Is 287569 a composite number?
True
Is 48423703 composite?
True
Is 34997111 a composite number?
True
Is 12355951 a composite number?
False
Is 6321815 composite?
True
Is 46432199 composite?
True
Is 27810199 prime?
False
Is 36031147 a prime number?
True
Is 2497091 composite?
True
Is 5269765 a prime number?
False
Is 6284207 a prime number?
False
Is 6197497 composite?
False
Is 659999 composite?
False
Is 241345487 a composite number?
True
Is 56416978 a prime number?
False
Is 13058219 composite?
True
Is 596761 prime?
False
Is 161264351 prime?
False
Is 37160177 composite?
False
Is 479688281 prime?
False
Is 230719 a prime number?
True
Is 4071241 composite?
False
Is 385847614 a prime number?
False
Is 8094887 prime?
True
Is 115174 prime?
False
Is 2603971 composite?
True
Is 41678239 a prime number?
False
Is 4842067 composite?
False
Is 169341449 a composite number?
False
Is 298663 composite?
True
Is 73570177 composite?
True
Is 997467 composite?
True
Is 482001059 composite?
True
Is 40419805 composite?
True
Is 46 a prime number?
False
Is 91290253 prime?
True
Is 480163073 composite?
True
Is 939823 a composite number?
False
Is 34646317 prime?
False
Is 13444307 a prime number?
True
Is 7977835 prime?
False
Is 3495409 a prime number?
True
Is 1138637 composite?
False
Is 1826891 a composite number?
True
Is 438843359 prime?
True
Is 253486 a composite number?
True
Is 135670841 a composite number?
True
Is 3409449 a composite number?
True
Is 507356129 a prime number?
False
Is 10632619 a prime number?
True
Is 30686449 composite?
False
Is 92451991 prime?
True
Is 22174279 a composite number?
False
Is 30215153 a composite number?
True
Is 2288162 prime?
False
Is 103416413 prime?
True
Is 31136867 a composite number?
True
Is 19919537 composite?
True
Is 2477533 a prime number?
False
Is 1493823899 prime?
True
Is 29608427 a prime number?
False
Is 854479 a prime number?
True
Is 8506789 a composite number?
True
Is 109374043 composite?
True
Is 42476249 a prime number?
False
Is 73735177 composite?
False
Is 52260379 composite?
True
Is 86777263 prime?
True
Is 2370187 composite?
True
Is 2754361 a prime number?
True
Is 4055497 composite?
False
Is 7262149 prime?
True
Is 22353667 a composite number?
True
Is 21915893 composite?
False
Is 109311167 a composite number?
True
Is 760307 prime?
False
Is 10325791 a composite number?
True
Is 55593605 a composite number?
True
Is 62340431 a prime number?
True
Is 253800113 composite?
True
Is 2293013 composite?
False
Is 2059973 prime?
True
Is 61102543 prime?
False
Is 2757211 a prime number?
True
Is 1010069 a prime number?
True
Is 538477 a prime number?
False
Is 919283 a prime number?
False
Is 527049199 a prime number?
True
Is 2801461 a composite number?
True
Is 772001239 a prime number?
True
Is 188951729 composite?
True
Is 228350897 prime?
False
Is 2342287 prime?
True
Is 28293167 composite?
True
Is 261512441 a composite number?
True
Is 90247571 prime?
True
Is 364841 a prime number?
False
Is 17497397 prime?
True
Is 30087119 a composite number?
True
Is 290973973 prime?
False
Is 57495287 a composite number?
False
Is 521287 a prime number?
False
Is 20699867 composite?
False
Is 67844189 a composite number?
True
Is 721883 a composite number?
False
Is 366677 prime?
True
Is 9497913 composite?
True
Is 9035513 a prime number?
True
Is 7659437 prime?
False
Is 1739021 composite?
False
Is 1964491 composite?
True
Is 4964207 a composite number?
True
Is 4501421 prime?
True
Is 39760793 a composite number?
False
Is 16654039 a prime number?
True
Is 82801 a composite number?
True
Is 151885813 a composite number?
True
Is 2250781 composite?
True
Is 163874549 prime?
True
Is 1130371 composite?
True
Is 41371751 prime?
True
Is 28707509 a composite number?
True
Is 70688923 a prime number?
True
Is 2064929 prime?
True
Is 13713047 a composite number?
False
Is 21262847 composite?
True
Is 5221213 composite?
True
Is 875788715 a prime number?
False
Is 1817237 prime?
False
Is 8628623 a prime number?
True
Is 307925363 a prime number?
True
Is 4470689 a composite number?
True
Is 29545463 prime?
True
Is 863977 a prime number?
False
Is 75454019 a prime number?
True
Is 432694 prime?
False
Is 25933393 a prime number?
True
Is 6305171 prime?
True
Is 38466991 composite?
True
Is 13172639 a prime number?
True
Is 233989261 composite?
True
Is 28944913 composite?
True
Is 6260231 prime?
True
Is 167412217 composite?
True
Is 4307827 composite?
False
Is 370638839 prime?
True
Is 16295583 a composite number?
True
Is 37830603 composite?
True
Is 10624543 a composite number?
True
Is 120689039 a composite number?
True
Is 8905843 a composite number?
False
Is 904261 a prime number?
True
Is 203609051 prime?
False
Is 83016019 prime?
False
Is 2743397 a composite number?
False
Is 434888989 a prime number?
True
Is 1217056939 composite?
True
Is 6349331 prime?
True
Is 3227579 a prime number?
True
Is 88572373 prime?
True
Is 12932021 a composite number?
False
Is 299149 composite?
True
Is 21149399 prime?
False
Is 102941219 prime?
True
Is 2644847 a prime number?
True
Is 5374043 a composite number?
False
Is 189165311 composite?
True
Is 8917819 a prime number?
False
Is 583750379 a composite number?
False
Is 85219787 prime?
True
Is 14235049 composite?
True
Is 11900753 composite?
True
Is 10505789 composite?
True
Is 4460837 composite?
False
Is 160123577 composite?
False
Is 1299036839 prime?
True
Is 7023857 composite?
False
Is 805687 a composite number?
False
Is 193009 a composite number?
False
Is 18705629 a composite number?
False
Is 12258563 prime?
False
Is 1941909 composite?
True
Is 10259117 composite?
True
Is 5413934 composite?
True
Is 15952709 composite?
False
Is 7206187 prime?
False
Is 11351987 a composite number?
True
Is 216080671 prime?
True
Is 515442623 composite?
False
Is 2349497 composite?
False
Is 10227941 prime?
False
Is 122848931 prime?
True
Is 4188019 a prime number?
False
Is 15164707 a composite number?
False
Is 138473711 composite?
False
Is 8295845 composite?
True
Is 3764437 a composite number?
False
Is 55566869 a composite number?
False
Is 9639499 a composite number?
True
Is 7421131 prime?
True
Is 64253311 a composite number?
False
Is 8194513 a composite number?
True
Is 187596677 a composite number?
False
Is 108135277 prime?
True
Is 29461877 a prime number?
True
Is 28326443 a composi